z + 3*z = -5*i - 100. Suppose -497 + z = -5*p. Does 19 divide p?
True
Suppose q + 7 = 3*s - 8, -1 = 2*s + 3*q. Suppose 4*g = 3*g + s, 360 = 3*o - 3*g. Does 31 divide o?
True
Let q(v) = 2*v**2 + v + 205. Is q(0) a multiple of 33?
False
Let m(h) = -h**3 - 19*h**2 - 39*h + 4. Let g = 39 - 56. Does 19 divide m(g)?
False
Is 10 a factor of 1*24/4 - -202?
False
Let x(v) = v**2 - v. Let k be x(2). Suppose 4*r - d - d = 30, 18 = k*r - 4*d. Let a(u) = u**2 - u + 15. Is 12 a factor of a(r)?
False
Suppose 0 = -4*t + 603 + 549. Suppose 3*y + 6*y = t. Does 23 divide y?
False
Let v(m) = -5*m. Let p be v(-5). Suppose -4*s = -2*y + 22, 2*y + 2*y + 4*s + 16 = 0. Let a = p - y. Is a a multiple of 12?
True
Let c(j) = 11 - j - 9*j + 0*j**2 - 27 - j**2. Let o be c(-8). Suppose o*a = -3*a + 96. Is a a multiple of 16?
True
Let c(b) = -b**3 - 2*b - 1. Let z be c(-1). Suppose 0 = -z*j - 3*j + 140. Is j a multiple of 3?
False
Let m be (-20)/8*(-8)/10. Suppose 0 = m*q - 0*q + 4. Is 16 a factor of (-3344)/(-104) - q/(-13)?
True
Let k = -491 + 3493. Is k a multiple of 38?
True
Suppose 4*m - 2956 = 4*k, m = 5*k + 383 + 360. Does 9 divide m?
True
Suppose m - 2 + 10 = 0. Is (-1*(-687)/6)/((-4)/m) a multiple of 31?
False
Let c = 95 - 15. Is c a multiple of 5?
True
Let w be 5/((-25)/20) - -8. Suppose 0*b + 336 = w*b. Does 21 divide b?
True
Suppose -m - 71 = -4*f + 20, 3*m = f - 31. Is f a multiple of 13?
False
Suppose -3*f = -0*f - z - 22, -f - 5*z = -34. Suppose -4*u = -3*w - 15, -4*u + 11*w - 7*w = -16. Let l = u + f. Does 12 divide l?
True
Let v = -32 - -25. Is 12 a factor of v/((-7)/12) + 0?
True
Let b(p) be the first derivative of -p**3/3 - p + 4. Let w(f) = 5*f**2 - 4*f + 5. Let q(l) = -14*b(l) - 2*w(l). Does 17 divide q(-5)?
False
Let x(f) = 155*f. Let b be x(1). Suppose -5*k = 10 - b. Let n = k + 23. Is 13 a factor of n?
True
Suppose 0 = -j - 5*o + 1510, -j + 632 = -4*o - 896. Is j a multiple of 38?
True
Does 62 divide 22320/(-27)*(-30)/25?
True
Let o(w) be the third derivative of -w**6/60 - w**5/60 + w**4/12 + 5*w**3/6 - 7*w**2. Let g be o(-5). Suppose -2*r - g = -7*r. Is r a multiple of 9?
False
Let j(o) = o**2 - 20*o + 24. Let z be j(14). Is (200/z)/(1/(-60)) a multiple of 40?
True
Let l = 98 + -6. Suppose -24 = -z + 3*t, 5*z = 4*t + l + 50. Is (-6)/z + (-182)/(-10) a multiple of 4?
False
Suppose 0 = 2*i - 0*i + 4. Is 3 a factor of 1*(4 + -2 - 56/i)?
True
Suppose 0*r = -2*g + r + 475, 5*g - 1205 = -r. Suppose -4*x - 2*z = -3*z - 495, 2*z + g = 2*x. Suppose -4*w + 172 = -4*b, 0*w + x = 3*w - 5*b. Does 12 divide w?
False
Suppose 669 = 10*f - 1411. Does 4 divide f?
True
Does 59 divide (-8)/(-10) - (-253620)/100?
True
Suppose 3*o - 2*c = -23, 2*c = -3*o - 8 + 1. Let m = -3 - o. Suppose p - 36 = -t + 10, p = -m. Is 24 a factor of t?
True
Suppose -3*h + 24 = -6*h. Does 16 divide 6/h - (-268)/16?
True
Suppose -5*j + 564 = j. Let t = j - 56. Is 26 a factor of t?
False
Let g be (-2)/(3*2/42). Let s be g/(-63) - 25/(-9). Suppose s*o + 42 = 159. Does 13 divide o?
True
Let w(h) = h**2 + 2*h - 2. Suppose -3*a - 2*a = 45. Does 4 divide w(a)?
False
Let o be -1 + 1 + 3 + 1. Suppose -5*a + 1004 = 2*x - o*x, -2*a + x + 401 = 0. Suppose -m + 5*m + a = 3*g, -2*m = 2. Is g a multiple of 8?
False
Let w(t) be the first derivative of -t**4/4 + t**3 + t**2/2 + 3*t + 1. Let h be w(3). Does 12 divide 434/h - (-7)/(-21)?
True
Suppose i - 1 = -0*i. Is (21/9)/(i/6) a multiple of 10?
False
Suppose 0 = 3*k + 3 - 15. Suppose 2*q + 2*x + 2 = x, -k*q = 4*x + 8. Suppose q = -4*g - 3 + 47. Is g a multiple of 11?
True
Is 26 a factor of (-48)/64 + (-321)/(-12)?
True
Let o be (-3)/9*-6*4. Let u be 15/(-20) - (-398)/o. Suppose 4*k = 3*a + u, -3*k - a = -4*k + 11. Does 3 divide k?
False
Suppose 4*p + 4*l - l = 13766, -p + 2*l = -3436. Is 8 a factor of p?
True
Let k be (-152)/6*(-13 + 1). Let p = k - 142. Suppose -4*v - 3*m = -219, 5*v + 3*m - p = 2*v. Does 13 divide v?
False
Suppose -215 = -2*b - 2*n - 79, 12 = 4*n. Does 8 divide b?
False
Let w(q) = 11*q + 12*q + q**2 + 4 - 5*q - 3*q. Let s be w(-15). Suppose s*p - 167 = 205. Does 31 divide p?
True
Suppose 22*l - 23*l = 13. Let c(r) = r**2 + 2*r - 9. Let z be c(l). Suppose j + x - z = 0, -j + 0*j + 154 = 5*x. Does 31 divide j?
False
Suppose -27*j + 4*y + 1552 = -24*j, -4*j + 5*y + 2069 = 0. Does 29 divide j?
False
Is 28 a factor of 16*(-3)/(-6) - -1379?
False
Let w(v) = 60*v - 17. Is 64 a factor of w(3)?
False
Let v(y) = 123 - 9*y - 62 - 34. Does 13 divide v(-11)?
False
Suppose 26*j - 5631 = 1571. Is j a multiple of 9?
False
Suppose -5*x - 2*m - 517 = 0, 0 = -3*m - 7 + 4. Let j be 3*x/(-3) + -3. Let d = -31 + j. Is 18 a factor of d?
False
Suppose -4*j + 78 - 94 = 0. Does 17 divide (j/(-8) + -3)*-14?
False
Suppose 5*u - 47 = u - 3*o, 0 = -3*u + 5*o - 1. Let t(q) = 5*q - 16. Does 4 divide t(u)?
True
Suppose 2113*p - 2107*p - 654 = 0. Is 23 a factor of p?
False
Let l(v) = 2*v**3 - 7*v**2 - 2*v + 1. Is l(5) a multiple of 8?
False
Suppose 443*m + 3696 = 454*m. Is 14 a factor of m?
True
Let q(c) = -2*c**3 + 60*c**2 + 17*c + 73. Is 25 a factor of q(30)?
False
Let l be 4/10 + (-6)/(-10). Let o = -129 - -132. Is (l/o)/(1/63) a multiple of 8?
False
Let x(t) = t**2 - 6*t - 3. Let a be x(7). Is -1 + a/6 + (-770)/(-15) a multiple of 15?
False
Let i(x) = -5*x - 19. Suppose -2*f + 0*t - 20 = t, f + 17 = 3*t. Is 14 a factor of i(f)?
False
Suppose 3*o + 2*b - 414 - 447 = 0, -3*o + 3*b + 861 = 0. Is o a multiple of 7?
True
Suppose 4*a + 2*p - 1 = 13, 0 = -3*a - 3*p + 15. Is 27 a factor of (81/a)/((27/12)/9)?
True
Is 33 a factor of (0 - 3) + 14 - 5 - -1050?
True
Suppose -4*n - 88 = -2*x, 5*x + n - 220 = 11. Is 3 a factor of x?
False
Let y be (-4)/2 + (-255)/(-5). Let s = -4 + y. Does 15 divide s?
True
Let r(g) be the first derivative of -g**4/4 + 10*g**3/3 + 3*g**2 - 15*g + 4. Let x(o) = o**3 - 5*o**2 + o + 5. Let t be x(5). Is 21 a factor of r(t)?
False
Suppose -405*j - 25520 = -427*j. Does 53 divide j?
False
Let d(v) = -5*v + 5. Suppose 74 = -7*l - 3. Is 20 a factor of d(l)?
True
Let k = 37 + 54. Let d(y) = -y**3 - 2*y**2 + 2*y - 1. Let j be d(-3). Suppose j*t + 5 - k = 0. Does 12 divide t?
False
Is 10*(62 + 25 - (-2)/2) a multiple of 44?
True
Suppose -68*q = -85*q + 21930. Does 86 divide q?
True
Suppose -6*b - 261 = -g - b, -4*b = -3*g + 750. Is 18 a factor of g?
False
Let s(t) = 25*t - 4. Let z(h) = h - 3*h + 3 - 12 + h. Let l be z(-11). Is 13 a factor of s(l)?
False
Let z(d) = 3*d**2 - 7*d + 1. Let r be z(5). Suppose 5*p - r = 49. Suppose 4*j + 42 + p = 3*t, -4*t + 4*j = -80. Is 5 a factor of t?
True
Let f(c) = 3*c + 1. Let u(q) = -15*q - 6. Let z(k) = -24*f(k) - 5*u(k). Let d be z(10). Does 12 divide ((-8)/(-3))/(2/d)?
True
Let l(j) = -j**3 + 11*j**2 - 10*j - 10. Let h = -12 + 21. Is 32 a factor of l(h)?
False
Let u = 162 - 119. Is u a multiple of 43?
True
Let z(s) = 8*s - 20. Let h be z(16). Suppose -h = -k + 5*u, -6*k + 3*k + 352 = -u. Does 22 divide k?
False
Let r = -51 + 50. Does 4 divide 7 - 2*r/4*2?
True
Suppose -6*r + 278 = -3*r + 5*u, 5*r + 5*u = 480. Is 32 a factor of r?
False
Let n(b) = -115*b + 114*b + b**2 + 5 - 2 - 4 - 5. Let o(h) = -h**3 + 4*h**2 + 5*h - 5. Let s be o(5). Is 15 a factor of n(s)?
False
Let j(x) be the second derivative of 1/2*x**4 + 2*x + 0 - 7/2*x**2 + 1/2*x**3 + 1/20*x**5. Is j(-5) a multiple of 3?
True
Let o(z) = 16*z**2 - 4*z + 5. Let a be o(3). Does 8 divide (-1 - a/(-2)) + (-4)/8?
False
Let u = -141 - -255. Let j = u + 20. Does 40 divide j?
False
Let j(c) = -c + 76. Let t be j(26). Let b = t + -6. Is 27 a factor of b?
False
Let q = 51 + 56. Let l = -35 + q. Is l a multiple of 18?
True
Let c(f) = -f**3 + 12*f**2 + 2*f. Is c(-12) a multiple of 52?
True
Let l be (2*-1 - -2) + -10. Let x = -51 - -91. Let g = l + x. Is g a multiple of 11?
False
Suppose z - 3*z + 158 = m, 3*z = -4*m + 607. Is m a multiple of 19?
False
Suppose -6 = 4*q - 22. Is 9 a factor of 74 - (5 - q) - 1?
True
Let w(n) = -n**2 + 10*n - 2. Let t be w(10). Let y = -1 + t. Let r = y + 18. Is r a multiple of 7?
False
Let x(r) = -17*r**3 - 2*r**2 + r - 1. Let i be x(-2). Let p = i - 86. Is p a multiple of 3?
True
Let d(n) = 12*n**3 + 9*n**2 + 2*n - 10. Let z(w) = 13*w**3 + 10*w**2 + 2*w - 11. Let i(q) = -6*d(q) + 5*z(q). Let s be i(5). Is s/(-15) - 1/3 a multiple of 21?
F